{"id":300,"date":"2015-02-04T14:58:05","date_gmt":"2015-02-04T14:58:05","guid":{"rendered":"http:\/\/www.petanque-kronshagen.de\/?page_id=300"},"modified":"2017-12-12T20:35:55","modified_gmt":"2017-12-12T20:35:55","slug":"presse","status":"publish","type":"page","link":"https:\/\/www.petanque-kronshagen.de\/?page_id=300","title":{"rendered":"Links"},"content":{"rendered":"<p style=\"text-align: center;\"><div id=\"metaslider-id-1141\" style=\"max-width: 700px; margin: 0 auto;\" class=\"ml-slider-3-104-0 metaslider metaslider-responsive metaslider-1141 ml-slider ms-theme-default\" role=\"region\" aria-label=\"Links\" data-height=\"400\" data-width=\"700\">\n    <div id=\"metaslider_container_1141\">\n        <ul id='metaslider_1141' class='rslides'>\n            <li aria-roledescription='slide' aria-labelledby='slide-0'><img loading=\"lazy\" decoding=\"async\" src=\"https:\/\/www.petanque-kronshagen.de\/wp-content\/uploads\/2016\/10\/IMG_5918-e1476372935153-700x400.jpg\" height=\"400\" width=\"700\" alt=\"\" class=\"slider-1141 slide-1652 msDefaultImage\" \/><\/li>\n            <li style='display: none;' aria-roledescription='slide' aria-labelledby='slide-1'><img loading=\"lazy\" decoding=\"async\" src=\"https:\/\/www.petanque-kronshagen.de\/wp-content\/uploads\/2016\/10\/IMG_5921-e1476372826573-700x400.jpg\" height=\"400\" width=\"700\" alt=\"\" class=\"slider-1141 slide-1650 msDefaultImage\" \/><\/li>\n            <li style='display: none;' aria-roledescription='slide' aria-labelledby='slide-2'><img loading=\"lazy\" decoding=\"async\" src=\"https:\/\/www.petanque-kronshagen.de\/wp-content\/uploads\/2016\/09\/IMG_5914-e1474552303426-700x400.jpg\" height=\"400\" width=\"700\" alt=\"\" class=\"slider-1141 slide-1629 msDefaultImage\" \/><\/li>\n            <li style='display: none;' aria-roledescription='slide' aria-labelledby='slide-3'><img loading=\"lazy\" decoding=\"async\" src=\"https:\/\/www.petanque-kronshagen.de\/wp-content\/uploads\/2016\/10\/IMG_5920-e1476372884724-700x400.jpg\" height=\"400\" width=\"700\" alt=\"\" class=\"slider-1141 slide-1651 msDefaultImage\" \/><\/li>\n            <li style='display: none;' aria-roledescription='slide' aria-labelledby='slide-4'><img loading=\"lazy\" decoding=\"async\" src=\"https:\/\/www.petanque-kronshagen.de\/wp-content\/uploads\/2016\/12\/IMG_5927-e1481039292918-700x400.jpg\" height=\"400\" width=\"700\" alt=\"\" class=\"slider-1141 slide-1676 msDefaultImage\" \/><\/li>\n        <\/ul>\n        \n    <\/div>\n<\/div><\/p>\n<p>&nbsp;<\/p>\n<p><a href=\"http:\/\/deutscher-petanque-verband.de\/regeln\/\">P\u00e9tanque-Regeln<\/a><\/p>\n<p><a href=\"http:\/\/www.cep-petanque.com\/\">P\u00e9tanque Europa<\/a><\/p>\n<p><a href=\"http:\/\/deutscher-petanque-verband.de\/\">Deutscher P\u00e9tanque-Verband<\/a><\/p>\n<p><a href=\"http:\/\/www.bouleplaetze.de\" target=\"_blank\" rel=\"noopener\">Boule-Pl\u00e4tze in Deutschland<\/a><\/p>\n<p><a href=\"http:\/\/www.boule-in-schleswig-holstein.de\" target=\"_blank\" rel=\"noopener\">Boule in Schleswig-Holstein<\/a><\/p>\n<p>&nbsp;<\/p>\n<p>&nbsp;<\/p>\n<p><a href=\"https:\/\/www.petanque-kronshagen.de\/?attachment_id=1418\" rel=\"attachment wp-att-1418\"><img loading=\"lazy\" decoding=\"async\" class=\"wp-image-1418 alignleft\" src=\"\/wp-content\/uploads\/2015\/02\/img_SPK-logo.jpg\" alt=\"img_SPK-logo\" width=\"118\" height=\"133\" \/><\/a><\/p>\n<p>&nbsp;<\/p>\n<p>&nbsp;<\/p>\n<p><a href=\"mailto:petanque.kronshagen@gmail.com\">petanque.kronshagen@gmail.com<\/a><\/p>\n<p>&nbsp;<\/p>\n<p>&nbsp;<\/p>\n","protected":false},"excerpt":{"rendered":"<p>&nbsp; P\u00e9tanque-Regeln P\u00e9tanque Europa Deutscher P\u00e9tanque-Verband Boule-Pl\u00e4tze in Deutschland Boule in Schleswig-Holstein &nbsp; &nbsp; &nbsp; &nbsp; petanque.kronshagen@gmail.com &nbsp; &nbsp;<\/p>\n","protected":false},"author":5,"featured_media":0,"parent":0,"menu_order":0,"comment_status":"closed","ping_status":"open","template":"","meta":{"_bbp_topic_count":0,"_bbp_reply_count":0,"_bbp_total_topic_count":0,"_bbp_total_reply_count":0,"_bbp_voice_count":0,"_bbp_anonymous_reply_count":0,"_bbp_topic_count_hidden":0,"_bbp_reply_count_hidden":0,"_bbp_forum_subforum_count":0,"ngg_post_thumbnail":0,"footnotes":""},"class_list":["post-300","page","type-page","status-publish","hentry","column","threecol"],"_links":{"self":[{"href":"https:\/\/www.petanque-kronshagen.de\/index.php?rest_route=\/wp\/v2\/pages\/300","targetHints":{"allow":["GET"]}}],"collection":[{"href":"https:\/\/www.petanque-kronshagen.de\/index.php?rest_route=\/wp\/v2\/pages"}],"about":[{"href":"https:\/\/www.petanque-kronshagen.de\/index.php?rest_route=\/wp\/v2\/types\/page"}],"author":[{"embeddable":true,"href":"https:\/\/www.petanque-kronshagen.de\/index.php?rest_route=\/wp\/v2\/users\/5"}],"replies":[{"embeddable":true,"href":"https:\/\/www.petanque-kronshagen.de\/index.php?rest_route=%2Fwp%2Fv2%2Fcomments&post=300"}],"version-history":[{"count":25,"href":"https:\/\/www.petanque-kronshagen.de\/index.php?rest_route=\/wp\/v2\/pages\/300\/revisions"}],"predecessor-version":[{"id":1880,"href":"https:\/\/www.petanque-kronshagen.de\/index.php?rest_route=\/wp\/v2\/pages\/300\/revisions\/1880"}],"wp:attachment":[{"href":"https:\/\/www.petanque-kronshagen.de\/index.php?rest_route=%2Fwp%2Fv2%2Fmedia&parent=300"}],"curies":[{"name":"wp","href":"https:\/\/api.w.org\/{rel}","templated":true}]}}